 s = -4331 - -4324. Let g(l) = -2*l**3 - 13*l**2 + 2*l + 11. Give g(s).
46
Let z(y) be the second derivative of y**4/6 - y**3/6 + y**2/2 + 9*y - 10. Suppose 3*f + 0*w - 2*w = 15, 4*w = 3*f - 21. Calculate z(f).
16
Let f(z) = -9*z + 7. Let c(v) = v - 1. Let h(o) = 9*o + 31 - 3 + 14 + 0. Let i be h(-4). Let k(p) = i*c(p) + f(p). Calculate k(3).
-8
Let y = -35 + 43. Suppose -y*s = -11*s + 9. Suppose j + 1 = q, s*j + 0*q - 2*q + 7 = 0. Let w(z) = -z**3 - 6*z**2 - 2*z + 7. Determine w(j).
-8
Let f(p) = p**2 - 11*p + 10. Suppose -6*y - 3*i = -3*y - 153, y + 4*i - 63 = 0. Suppose 5*o + 16*n - y = 15*n, -2 = o + 4*n. Determine f(o).
0
Let n(g) = -2*g**2 + 3*g. Let t be n(2). Let k be (-3)/t*1*-2*-7. Let z(i) = 24 - 43 + 5*i - 3*i + k. Determine z(-3).
-4
Let i(v) = -6 + 8 + 2*v + 10. Let m(n) = -18*n - 167. Let d be m(-9). Let l be i(d). Let f(g) = g**3 - 3*g**2 + 2*g + 2. Calculate f(l).
2
Let s(h) = 88*h + 63*h - h**3 + 67*h + 29*h**2 + 61 + 79*h - 327*h. Calculate s(28).
5
Suppose 2*w = 10, -4*x + 3*w = -0 + 7. Suppose 5*c + y = 10, -12 = x*y - 2. Let n(b) = -2*b**2 + 5*b - 3. Give n(c).
-6
Let r(c) = -2*c**3 + 10*c**2 + 22*c + 5. Let m(g) = -5*g**3 + 21*g**2 + 49*g + 10. Let i(l) = 3*m(l) - 7*r(l). Determine i(-5).
-20
Let i(r) = 2*r + 3*r - 5*r**2 + 4 + 4*r**2. Suppose -5*w + 0*w + 2*w = -9. Determine i(w).
10
Let v(h) be the third derivative of -1/6*h**3 + 1/60*h**5 + 0 + 1/24*h**4 + 0*h + 17*h**2. Let g = -74 - -71. Determine v(g).
5
Let b(l) = -9*l + 61. Let t be b(6). Let d = 15 - t. Let s(z) = -z + 13. Calculate s(d).
5
Let y(x) = 16*x + 118. Suppose 2*o + 16 = 2*a, 97*o - 94*o + 2*a = -14. Give y(o).
22
Let h be (-2 + 3)/((-13)/(-39)). Suppose -17 = 2*t - o, 4*t = h*o - 3 - 26. Let u(j) = -j + 3. Give u(t).
14
Suppose -66*c + 61*c - 3*s - 33 = 0, 2*c = -s - 12. Let t(k) = 6*k - 4. Let w(v) = -7*v + 5. Let u(z) = 6*t(z) + 5*w(z). Determine u(c).
-2
Suppose -2 + 2 = -3*a. Let l(q) = 57*q**2 - 4*q**3 + 3*q**3 + 6*q + a*q**3 + 1 - 53*q**2. Calculate l(5).
6
Let d = 1553 + -1545. Let a(m) = m**2 - m. Let z(o) = -3*o**2 + 10*o - 12. Let j(w) = -2*a(w) - z(w). What is j(d)?
12
Let i be (-4)/(-46) + 23 + 9984/(-552). Let c(a) = 9*a. What is c(i)?
45
Let i(g) = -6 - 5*g**2 - 7 + 12 + 4 - 5*g**2 + 4*g. Give i(-2).
-45
Let u(i) = -2*i + 2. Let p be 303 + (6 + -2 - 5)*3. Let t be (5 - (3 - 2)) + p/12. Suppose -7*h + 13 = -t. Calculate u(h).
-10
Let f(g) = g**2 + 1. Let i(x) = 156*x**2 + 143. Let r(t) = 286*f(t) - 2*i(t). Let y = 79 + -218. Let d = y + 140. Calculate r(d).
-26
Let b = -278 - -278. Let i(t) = t - 2 + 2 + 0. Give i(b).
0
Let d(x) = x**3 - 9*x**2 + 13*x - 13. Let j be d(8). Suppose j - 96 = -3*s. Let o(r) = 0*r - 11 - s*r**2 + r + 22*r**2. Give o(0).
-11
Let p(r) = -5*r - 2. Let j(v) = 9*v + 4. Let s(c) = 4*j(c) + 7*p(c). Suppose 13*t - 4*d = 15*t + 92, -38 = -3*t + 5*d. Give s(t).
-12
Suppose -38*z + 41*z - 9 = 0. Suppose -z*x + 3 = -9. Let u(o) = o + 1. Calculate u(x).
5
Let j(p) be the second derivative of -p**5/10 - 13*p**4/2 + 27*p**3/2 + 29*p**2/2 + 3*p - 675. Determine j(-40).
-11
Let a(s) = -57*s - 3652. Let n be a(-64). Let b(c) = -8*c + 32. Let u(d) = 3*d - 11. Let k(v) = 6*b(v) + 17*u(v). Calculate k(n).
-7
Suppose -4*d - 4*z = -12, -2*d + 0*d - 6 = 5*z. Suppose d*q - 14 + 0 = 0. Let b(y) = -4*y + 2*y**q + 3*y + 1 + y**3 + y**2 - y**2. What is b(-3)?
-5
Let m(t) = -17*t - 78. Let g be m(-6). Let v(y) = g*y**2 - 9*y**2 + 0 - 2 - 2 - 4*y - 14*y**2. Give v(4).
-4
Let r(l) = l**2 - 62*l + 431. Let x be r(8). Let j(o) = 11*o**2 + o + 1. What is j(x)?
11
Let r be (-4)/(-70) + (-132)/(-140). Let w(i) = -22*i + 13. What is w(r)?
-9
Let q(c) = 9*c - 12*c**2 + 16 + 4*c**2 + 6*c**2 - 13. Let j = -63 - -67. What is q(j)?
7
Let o = 8 - -4. Suppose -2*a - a = o. Let f(m) = -m + 572*m**2 - 52*m**2 - 1 - 524*m**2 - m**3. What is f(a)?
3
Let y = 90 + -105. Let u be -2*y/(-10) - 2/2. Let t(d) = d**2 + 3*d + 3. What is t(u)?
7
Let r(p) = p**3 + 6*p**2 + p - 3. Let f = 8 - 5. Let h(u) = -20*u + 1065*u**2 - 1064*u**2 - 5 + 17*u. Let q be h(f). Determine r(q).
17
Let r(f) be the first derivative of -2*f**2 - 9*f - 723. Determine r(13).
-61
Suppose 18*q - 5*q = 1716. Suppose 0 = -q*h + 136*h - 8. Let r(n) = n**2 + 10*n - 8. Let t(k) = -k**2 - k + 1. Let x(z) = -r(z) - 6*t(z). Calculate x(h).
14
Let u(g) = -g**3 - 51*g**2 + 3*g + 164. Let y be u(-51). Let m(b) = b**3 - 12*b**2 + 11*b - 2. Calculate m(y).
-2
Let q(b) = -17*b + 1. Let x be (-2 + 12/10)/((-12)/30). Let j be (0 + 1)*x - (61 + -58). Give q(j).
18
Let f(w) = 806*w + 33*w**2 - 196*w - 27 - 1024*w - 7*w**2. Give f(16).
5
Let q(z) = 744*z - 743*z + 3 - 1 - 5*z**2 + 3*z**2 + 3*z**2. Let i(j) = -j**3 - j**2 - 8*j - 15. Let v(d) = -i(d) - 6*q(d). Calculate v(4).
-5
Let w(b) = 5*b + 27. Let a(d) = d - 2. Let x(z) = -6*a(z) - w(z). Let o(h) = -8*h - 15. Let i(q) = 4*o(q) - 3*x(q). Determine i(0).
-15
Let a(w) = 1. Let v(q) = 11*q**2 + 13*q - 47. Let l(c) = -5*a(c) - v(c). Let u(g) = -5*g**2 - 7*g + 20. Let d(i) = 4*l(i) - 9*u(i). Calculate d(-12).
0
Let z = -1946 + 1947. Let s(d) = 52*d**3 - d**2 - d + 2. Give s(z).
52
Let i(r) be the second derivative of r**3/6 - 12*r**2 + 1307*r. Determine i(15).
-9
Let i(o) = 6 + 33502499*o + 0*o**3 - 6*o**2 - 33502500*o - o**3. What is i(-6)?
12
Let i(h) = 5*h - 9. Let y(j) = -j**3 + 4*j**2 + 8*j - 8. Let v be y(4). Suppose -155 = -v*r + 37. Calculate i(r).
31
Let g(c) = c**3 + 12*c**2 + 12*c + 16. Let k = 24 + -20. Suppose -5*u = -k*u - b - 5, -7 = u - 4*b. Let x be (33/(-12))/(((-9)/(-4))/u). Give g(x).
5
Let j = 507 - 38. Let d(v) = -7 + j*v + v**2 - 464*v - 3 + 2. Determine d(-6).
-2
Suppose -3*l = 71*o - 68*o + 6, o = -2*l + 3. Let y(x) = -x**3 - 6*x**2 + 4*x - 23. Calculate y(o).
-2
Let n(s) = 19*s**2 - s + 1. Let a(g) = -28*g**2 - 29*g - 7. Let b(o) = -a(o) - 2*n(o). Determine b(3).
8
Let p(v) = -v**2 + v + 1. Let j(s) = s**2 - 2*s. Let b(x) = x**3 + 8*x**2 + 4. Let y be b(-8). Let h(c) = y*p(c) + 3*j(c). What is h(-6)?
-20
Suppose 11*o - 11 = 11. Let h be (-1)/(-3 + o + 0). Let l(k) = 8*k**3 - k**2 + 1. Determine l(h).
8
Let z be -1 + 5/(5/(-3)). Let r(p) be the first derivative of -p**4/4 - 2*p**3 - 5*p**2/2 + 4*p + 410. What is r(z)?
-8
Let c(d) = 17*d + 9. Suppose 20*t + t = 3*k - 99, 0 = -2*t - 8. Give c(k).
94
Let k(m) be the second derivative of m**5/20 - 8*m**3/3 - 8*m**2 - 890*m + 5. Calculate k(-3).
5
Let c be -25*((-12)/(-4))/(-3) - 3. Let y(t) = -12 - t + c - 2*t**2 - 12 + 18*t**2. Let d(u) = -7*u**2 + u + 1. Let h(x) = 5*d(x) + 2*y(x). Give h(3).
-17
Suppose 6*j - 64 = -76. Let p(o) be the first derivative of -o**4/4 - o**3/3 - 2*o - 1. Give p(j).
2
Let j(z) = 2*z - 3. Let c = 58 + -58. Suppose 4*a - 11 = -c*q - q, 5*a - 14 = -q. Calculate j(a).
3
Suppose 4*x + 10 = y - 0*x, -x - 11 = 4*y. Let l(r) be the first derivative of r**3 + 3*r**2/2 - 3330. Give l(y).
6
Let q(k) = -3*k + 4*k - 3*k. Suppose 0 = -2*j, -5*i = -45*j + 42*j - 35. What is q(i)?
-14
Let s = -265368 + 265373. Let w(q) = -q**2 + 3*q - 9. Let g(y) = y. Let k(h) = 5*g(h) + w(h). Calculate k(s).
6
Let a(k) = 3*k**2 - 63*k + 6. Suppose -h + 2*p + 13 = 0, 0 = -5*h + 15*p - 8 + 53. Calculate a(h).
6
Let h be (216/(-21))/(-4)*(16 - (-868)/(-42)). Let m(s) = s**2 + 18*s + 87. Calculate m(h).
15
Suppose -10*b + 39683 - 39473 = 0. Let w(l) = l**3 - 22*l**2 + 21*l - 2. Calculate w(b).
-2
Let g(k) = 329*k**2 - 1645*k - 5. Let y be g(5). Let z(u) = u**3 + u**2 - 9*u - 1. Calculate z(y).
-56
Let g(l) = -5894*l**2 - 71 + 636*l + 5893*l**2 - 323 - 680*l. What is g(-32)?
-10
Let f(i) = -4*i + 2. Let q be f(0). Suppose -q = 7*d - 16. Let y(g) = 0 - 2 + 53*g**2 - 58*g**d + 2*g. Determine y(2).
-18
Let r(a) = -3*a + 1. Let n be (-4)/(-34) + 234991/(-289). Let j = n - -813. What is r(j)?
1
Suppose 0 = -0*g + 4*g - 304. Let b(h) = 3*h**3 + 6*h - 22. Let a be b(3). Let f = g - a. Let n(x) = -9*x**3 - 1. What is n(f)?
8
Let z be 0 + -3 + 4 - -3. Suppose 0*w = 4*q - 5*w, 2*q + 6 = z*w. Let g(p) = -5*p - 3*p + p**2 + 4*p - p + 6. What is g(q)?
6
Suppose 13*s = 8*s + 320. Suppose -1 + s = 7*c. Let l(v) = -2*v + 8*v**3 - c*v**3 + 11*v**3 - 1 - v**2. What is l(-1)?
-10
Suppose -4*z = -16, 4*c + z - 10 = 54. Suppose -m + 4*m = c. Let b(u) = 0 - u + 4*u + 2 - 4*u. Determine b(m).
-3
Let i(t) = -5*t**3 